o = 2*c - 52, -5*c - o + p + 80 = 0. What is the highest common factor of c and 200?
25
Suppose c + 2828 = 5*c. Calculate the highest common divisor of 7 and c.
7
Let s = 1 + 2. Suppose 5*n - s*g = -6*g - 302, -2*g - 8 = 0. Let o = -38 - n. Calculate the greatest common factor of o and 30.
10
Suppose 6*n - 4*n = 44. Let b = 153 - -1. Calculate the greatest common factor of b and n.
22
Suppose -2*a + 16 - 12 = 0. Suppose -2*w = 2*w + 2*i - 70, 0 = a*w - i - 45. Let o(n) = -2*n - 2. Let l be o(-6). What is the highest common divisor of w and l?
10
Suppose 5*n - 11700 = -4*d, 36*d - 15 = 33*d. Calculate the highest common divisor of 32 and n.
32
Let c(u) = -82*u**2 - 2*u + 6. Let a(l) = -82*l**2 - 2*l + 7. Let w(i) = 4*a(i) - 5*c(i). Let k be w(2). What is the greatest common factor of k and 30?
30
Let u(d) = -d**3 + 14*d**2 - 25*d + 21. Let n be u(12). Calculate the greatest common factor of n and 153.
9
Let x(r) = -59*r. Let w be x(-4). Suppose 0 = f - 2*f + w. Suppose 3*q - f = -74. What is the greatest common factor of 6 and q?
6
Let u = 37 + -9. Let v be (-9)/6*u/(-6). What is the greatest common factor of 35 and v?
7
Suppose -2*m + 208 = 2*w + 44, -4*m - 232 = -3*w. Suppose 19*r = 23*r - w. What is the highest common factor of 20 and r?
20
Let u be (8/(-2))/(24/(-84)). Let b = u - -41. Let v(w) = 2*w**2 - 6*w + 5. Let i be v(3). What is the highest common factor of b and i?
5
Let v(s) = 7*s - 19. Let r be v(3). Suppose -t = r*u - 5, -4*u + t = -t - 14. Calculate the highest common factor of u and 51.
3
Let o(t) = 2*t**2 + 18*t + 36. Let q be o(-15). Suppose x - 3*x + q = 0. What is the greatest common factor of 12 and x?
12
Suppose -5*i + 5*a = -3 - 32, 2*i + 6 = -3*a. Let y = -162 + 414. Suppose v + i*v = y. Calculate the greatest common factor of 7 and v.
7
Suppose 0*x - x = -28. Let m be 16166/1180 - (-6)/20. Calculate the greatest common divisor of m and x.
14
Let t(w) = 6*w**2 + 62*w - 38. Let m be t(17). What is the highest common divisor of m and 22?
22
Let f be (-846)/(-66) + 4/22. What is the highest common divisor of 65 and f?
13
Let a = 211 - 85. What is the greatest common factor of 112 and a?
14
Let k be (3 + 4 + 8/(-4))*24. What is the greatest common factor of k and 24?
24
Suppose 0 = -0*w + 3*w. Suppose w = -n, 4*b - 2*n - 12 = -0*n. Suppose b*d = 2*h + 64, 3*h + 108 = 5*d - h. Calculate the highest common divisor of 40 and d.
20
Suppose -a - 32 - 33 = -3*o, -a + 5*o = 67. Let y be (3 - a)/((-2)/(-4)). Suppose -y = -2*i - 3*i. What is the highest common divisor of 286 and i?
26
Let h(p) = p**3 + 25*p**2 - 71*p - 32. Let o be h(-27). Calculate the greatest common factor of o and 61.
61
Suppose x = -3*x - 16. Let z be x/10 + 3654/35. Suppose -67 = -3*v - 4*q, 0*v + 2*q + z = 4*v. Calculate the highest common divisor of 275 and v.
25
Let a be 3*(-7)/(84/(-176)). Let w be (a/6)/(1/6). Let m be (1 - 4)*(-22)/6. What is the greatest common divisor of w and m?
11
Let u(d) = d**3 + 14*d**2 - 2*d - 23. Let f be u(-14). Suppose -4*z - f*y = -64, -z - 4*y + 16 = y. What is the highest common divisor of 8 and z?
8
Let b be 0/3*(1 - 0). Let a be b/((10/(-5))/2). Suppose 3*l = -2*l + 3*d + 98, a = 2*d - 8. Calculate the highest common factor of 242 and l.
22
Let s = -881 + 1343. What is the greatest common divisor of 28 and s?
14
Let g be 479/4 - (-7)/28. Let f(w) = 7*w**3 + 2*w + 42*w**3 + 3325 - 3328. Let j be f(1). Calculate the greatest common divisor of j and g.
24
Let a be (7/5)/(-7) - 172/(-10). Suppose -15 = -4*r + a. Let i = -8 + 72. What is the greatest common factor of i and r?
8
Let f(p) = -4*p**2 - 3*p - 3. Let c be f(-2). Let h be (-24)/(-28)*c*-21. Let i be 32/((-9)/(h/(-4))). Calculate the highest common divisor of 26 and i.
26
Let t(a) = -a**3 - 29*a**2 - 29*a - 28. Let c be t(-28). Let y(o) = o**3 + o**2 + 21. Let r be y(c). Calculate the highest common divisor of r and 189.
21
Let y = 211 - 111. Calculate the greatest common divisor of y and 16.
4
Suppose 3*k - 8 + 23 = 0. Let z(c) = -2*c - 6. Let w be z(k). Let l be 2/(w/(-462)*-3). What is the greatest common divisor of 11 and l?
11
Let c(z) = z**2 + 55*z - 435. Let x be c(8). Suppose 0*t = t - 23. What is the greatest common divisor of x and t?
23
Let x = 984 - 581. Calculate the greatest common divisor of 26 and x.
13
Suppose -13*k = -18*k - c + 208, 3*k - 122 = -2*c. Calculate the greatest common factor of k and 84.
42
Suppose 19*a + 360 = 29*a. Calculate the highest common factor of 36 and a.
36
Let t(a) = 3*a**2 - 4*a - 34. Let b be t(8). Calculate the highest common divisor of b and 14.
14
Let g = 616 + -433. Suppose 5*b + 3*j = g, -3*b + 2*j + 111 = 5*j. Calculate the greatest common divisor of 9 and b.
9
Suppose 5*q = -p + 13 + 14, 0 = -q + p + 3. Suppose -q*k = -9*k + 32. Calculate the highest common factor of 40 and k.
8
Let a(d) = 27*d - 134. Let o be a(6). What is the greatest common factor of o and 14?
14
Let j(o) = 2*o**3 - 10*o**2 + 24*o - 30. Let y be j(5). What is the highest common divisor of y and 120?
30
Suppose -73*o = -77*o - h + 2236, 4*o = 2*h + 2224. What is the greatest common divisor of 36 and o?
18
Let g be 2/3 - 182/(-42). Suppose u + 3*j = g*u - 211, 5*u = -j + 259. Calculate the highest common divisor of u and 208.
52
Suppose 0 = -2*o + 6 + 6. Let z be (-27)/9*(-182)/o. Calculate the greatest common divisor of z and 13.
13
Suppose -28*c - 31 = -115. Calculate the highest common factor of 3 and c.
3
Let m(n) = 503*n - 27. Let b be m(2). Calculate the greatest common factor of 356 and b.
89
Let l(x) = -x**2 + 8*x - 10. Let c be l(6). Suppose 0 = 3*z - t - 62, 5*z + c*t - 102 = 4*t. Calculate the highest common factor of 2 and z.
2
Let f = -82 + 122. Let j = -3675 - -3715. What is the highest common divisor of j and f?
40
Let r(i) = -i**2 - 12*i + 190. Let u be r(0). What is the greatest common factor of 4 and u?
2
Suppose 16*a + 1017 = 4249. Calculate the highest common factor of 2 and a.
2
Let y be 8*4/176 + 1780/11. Calculate the greatest common divisor of y and 18.
18
Let a be (-2 + 11/33)/((-3)/18). Calculate the greatest common divisor of a and 5.
5
Let w(g) = -2*g - 12. Let m be w(-12). Suppose 0 = -4*h + m + 20. What is the greatest common divisor of 12 and h?
4
Suppose -5*l + 8*l = 321. Let x = -71 + l. Calculate the greatest common factor of x and 12.
12
Suppose 0 = -32*v + 6*v + 182. What is the greatest common factor of 224 and v?
7
Let l be 13/26*8/2. Let b be (-114)/(-9) - l/3. Suppose 2*a - 34 = -b. What is the highest common factor of 121 and a?
11
Let d = -64 + 65. Let s = 24 - 22. What is the highest common factor of s and d?
1
Suppose -4*b + 14 = -6. Suppose 0 = 2*i - 5*i + z - 24, -5*i + b*z - 30 = 0. Let o = 18 + i. Calculate the highest common factor of 9 and o.
9
Let t(x) = -29*x - 141. Let q be t(-5). Suppose 10 + 2 = -3*k. Let f be k/10 - 546/(-15). What is the highest common divisor of q and f?
4
Suppose -31*c = 148 - 1667. What is the greatest common factor of c and 343?
49
Let l be 98/(-5) + (-6)/15. Let a be l/(-2)*(-24)/(-40). Let m = -6 + 12. What is the highest common factor of m and a?
6
Let i be -1 - (40/(-2) + 1). Let k be (-5 + -7 - 132)/(-1). What is the greatest common divisor of i and k?
18
Let m be (-74)/10*(-250)/25. Calculate the highest common factor of 1776 and m.
74
Let k = 135 - 79. Suppose -k = -2*r - 2*r. Let v = -151 + 263. Calculate the greatest common factor of r and v.
14
Suppose -68 = -i - s, -i + 45 + 19 = -3*s. What is the highest common divisor of i and 603?
67
Let u = -157 + 505. Calculate the greatest common factor of u and 12.
12
Let j(n) = -n**3 - 13*n**2 - 15*n - 34. Let m be j(-12). Calculate the highest common factor of 32 and m.
2
Let g(q) = 24*q - 30. Let r be g(2). Calculate the highest common divisor of r and 18.
18
Suppose 13*n = 8*n + 20. Suppose -178 = 2*o + n*a, 368 = -o - 3*o + 4*a. Let c = o - -163. What is the greatest common factor of c and 9?
9
Let h be (31 - -4)*(0 - 24/(-14)). What is the greatest common divisor of 12 and h?
12
Let s = -27 - 23. Let t = 34 - s. Let i be (6/7)/(6/t). What is the highest common divisor of 60 and i?
12
Let o be (-4)/(-6) + (-69)/9 + 5616/144. Suppose 438 = 4*j - 202. Calculate the greatest common divisor of o and j.
32
Suppose -